ivisor of o and x?
5
Suppose -30 = -6*s - 0*s. Let g be (-1 + s)/(-1 + 3). Calculate the highest common factor of 2 and g.
2
Suppose v - 4*v = -4116. Let h be v/18 - (-4)/(-18). Calculate the greatest common factor of 19 and h.
19
Let i = -9 + 10. Let g = i + 11. What is the greatest common divisor of g and 84?
12
Suppose -g - h = -147, 0*g + 592 = 4*g + 5*h. Suppose -2 - 1 = -3*k. Suppose -38 = -3*n + k. What is the highest common factor of n and g?
13
Suppose 2*i = -4 + 12. Suppose i*t - 231 - 153 = 0. Calculate the greatest common divisor of 12 and t.
12
Let c be (-2)/(-4) - (-819)/42. What is the greatest common factor of c and 5?
5
Suppose -4*p + 3 = 5*a - 29, 0 = 3*p + 6. What is the highest common factor of 12 and a?
4
Let b be (-4)/(-10) - 2/5. Suppose 0 = 5*d - 0*r - 5*r - 40, b = -d - 5*r + 2. Let n = 2 + d. What is the highest common factor of n and 45?
9
Suppose 4 = -3*u + 7*u. Let a be (0 - 4)*u*-2. Suppose 0 = 3*o - 14 + 26, 160 = 2*l + 4*o. What is the greatest common factor of a and l?
8
Let l(p) = -p + 10. Let h be (-18)/(-4) + (-3)/(-6). Let k be l(h). Let d(g) = 19*g - 2. Let x be d(3). What is the highest common factor of k and x?
5
Suppose 4*m = -3*f + f - 2, -m = 4*f - 10. What is the greatest common divisor of 81 and f?
3
Suppose 28 = -5*o + 103. Let v be (-2)/(-4) - (-121)/2. Let z = v - 31. What is the greatest common factor of o and z?
15
Let x(c) be the third derivative of -c**5/30 + c**4/6 + 7*c**3/6 + 2*c**2. Let m be x(-5). Let g = m - -162. Calculate the highest common divisor of g and 11.
11
Suppose 4*i - 14 = u, -3*u = -3*i + 8*i - 43. Calculate the greatest common factor of u and 3.
3
Let r(l) = 2*l**2 + 4*l - 5. Let u be r(-5). Let i be (-20)/(-6)*60/u. Let o(h) = -h - 4. Let j be o(-6). What is the highest common divisor of i and j?
2
Let i(c) = c**2 + c - 16. Let u(f) = 2*f**2 + 2*f - 33. Let h(p) = -5*i(p) + 2*u(p). Let a be h(0). Calculate the greatest common factor of 21 and a.
7
Let w(l) = 104*l**3 + 2*l**2 - 2*l + 1. Let r be w(1). What is the highest common divisor of r and 70?
35
Let a = 3 - 2. Suppose 3*h = -5*k - 0*h + 35, -3*h - 7 = -k. What is the greatest common factor of k and a?
1
Suppose -3*d + h = -1, -2*d + h - 1 + 0 = 0. Suppose -8 = -f + 2*f. Let y = d - f. What is the highest common divisor of y and 80?
10
Suppose -u - u + 12 = 0. Suppose 0 = -3*t + 24 + u. Suppose 3*y - 17 - 13 = 0. Calculate the highest common factor of t and y.
10
Let a(o) = 10*o**2 + 2. Let x be a(4). Let d(w) = w + 32. Let v be d(-14). What is the greatest common divisor of v and x?
18
Let d = -25 + 34. Calculate the greatest common factor of 9 and d.
9
Let x be 2/((-20)/(-15))*18. What is the highest common factor of x and 45?
9
Suppose -5*g - 2*r = 1, 9*r - 4*r + 18 = 3*g. Suppose 5*a - 3*l - 3 = 8, 5*a + 3*l + 1 = 0. What is the highest common factor of a and g?
1
Let s(b) = 2*b**2 - 2*b - 1. Let n be s(2). Let j(g) = 9*g**2 - 5*g - 3 + 0*g**2 - g**n - 2*g. Let c be j(6). What is the greatest common divisor of c and 9?
9
Suppose 0*r + 264 = 3*r. Let b = 9 - 1. Calculate the highest common divisor of r and b.
8
Let x = 22 + 5. What is the highest common factor of x and 135?
27
Suppose p + 2*p = k - 63, 2*k + 3*p = 162. What is the highest common factor of 50 and k?
25
Let j be ((-12)/9*-3)/(-1). Let w be 1*46 + 6 + j. What is the highest common divisor of w and 16?
16
Suppose -9*s = -44 - 181. What is the highest common factor of 75 and s?
25
Let y = -3 + 23. Suppose r - y = -5*m, 0*m - 10 = -4*m - 2*r. What is the highest common factor of m and 2?
1
Let s(v) = v**3 - 10*v**2 - 10*v - 4. Let k be s(11). What is the greatest common factor of k and 7?
7
Let i = 329 + -209. Let y be ((-3)/(-2))/((-2)/i). Let p = -54 - y. What is the greatest common divisor of 4 and p?
4
Let z be ((-99)/15)/((-1)/5). What is the greatest common divisor of 3 and z?
3
Suppose t + 3*t = 24. Let o = -5 - -8. Suppose -o*m = -96 + t. Calculate the greatest common factor of m and 3.
3
Suppose 81 = -0*y + 3*y. What is the highest common divisor of 9 and y?
9
Let b = -6 - -3. Let s be (-49)/(-5) - b/15. Let u(l) = l**3 - 9*l**2 - 6*l - 4. Let q be u(s). What is the highest common divisor of 9 and q?
9
Let n be 2/6*(-1 - -1). Let x(j) = j**2 + 7 + n - 1 + 5. Let p be x(0). Calculate the highest common divisor of 1 and p.
1
Let b(u) = u**2 + 11*u + 14. Let g be 115/(-9) - (-2)/(-9). Let j be b(g). Calculate the greatest common divisor of j and 20.
20
Suppose 4*w = 2*l - 22, l + 6*w - 11 = 5*w. Let n be (-346)/(-2) + (14 - l). Calculate the highest common divisor of 16 and n.
16
Let f = -3 + 10. Let p be (-4)/(-6)*42/2. What is the highest common factor of f and p?
7
Let l(o) = -3*o - 4. Let g be l(-3). Suppose 0 = -k - n + 76, 2*k - 89 = g*n + 91. What is the greatest common factor of 16 and k?
16
Let r be -22 + 80 - (-1 - -5). Calculate the greatest common divisor of r and 36.
18
Suppose -50 = -4*c + 2*r, -3*c + 4*r = -7*c + 20. Let m be 4916/10 - (-12)/30. Suppose m - 42 = 5*i. What is the highest common factor of i and c?
10
Suppose -130 = -3*r + 2*q, -4*r + 2*r = 2*q - 90. Calculate the greatest common factor of r and 4.
4
Let y = 1 + 2. Let o(f) = 2*f - 4. Let k be o(y). Let d be (-4)/(-26) - 126/(-26). Calculate the highest common factor of k and d.
1
Let h(w) = -4*w - 2. Let p be h(-3). Let c(g) = 30*g. Let z be c(1). Calculate the highest common factor of p and z.
10
Suppose 0 = -2*x + 2*i - 0 + 4, 3*i = -2*x + 9. Let o be (1 - -2)/x - -8. Calculate the highest common divisor of o and 27.
9
Suppose 5*z = -j + 186, 5*z - 397 = -2*j - 0*j. Suppose -114 = -3*m + 2*t, 4*t = -5*m + j + 1. Let y = 10 - 2. What is the greatest common divisor of m and y?
8
Let j(d) = -d**2 + 5*d - 6. Let c be j(4). Let m = c - -2. Suppose m*o + 20 = 2*o. Calculate the greatest common divisor of o and 50.
10
Suppose 5*i = 2*a + 392, 3 - 23 = -5*a. Let v(k) = k**3 - 4*k**2 + 4. Let q be v(4). Let p be (8/3)/(q/12). Calculate the highest common factor of i and p.
8
Let w be (-2)/(3*(-6)/27). Suppose 4*n + w - 11 = 0. Suppose 0 = 3*p - 12, -3*p + 441 = n*g + g. What is the greatest common factor of g and 13?
13
Let h = 116 - 106. Calculate the greatest common divisor of 30 and h.
10
Suppose 2*p = 39 + 9. Suppose 4*k - 4 = 92. What is the greatest common factor of k and p?
24
Suppose -4*z - 12 = n - 3*n, 15 = -5*z + 5*n. Let d be 3/6*6 - z. What is the highest common divisor of d and 9?
3
Suppose -u = -2*u + 15. Let y be (3 - 384/40)*-25. Calculate the highest common divisor of y and u.
15
Let k(b) = 2*b - b + b. Let t be k(6). Let i(a) = -6*a - 12. Let m be i(-10). What is the greatest common factor of m and t?
12
Let n = -6 + 24. Let d(l) = -43*l - 2. Let y(a) = -130*a - 6. Let i(h) = -10*d(h) + 3*y(h). Let c be i(4). What is the highest common factor of c and n?
18
Let p(b) = b. Let r be p(2). Let u be ((-63)/12)/(r/(-8)). What is the greatest common divisor of 14 and u?
7
Let v be (-4)/(-3)*108/8. What is the greatest common factor of v and 36?
18
Let g be 6/(-4)*8/6. Let t be g + (-1*2 - -7). Let h = -120 + 126. Calculate the greatest common divisor of t and h.
3
Let u = 20 - 11. What is the highest common divisor of 81 and u?
9
Suppose 0 = -d + 12*d - 550. What is the greatest common factor of d and 20?
10
Let c be 2/(-3) - 22/(-6). Let q = -16 - -23. Suppose x = k - 1, 0*k = -k + 5*x - q. What is the highest common factor of c and k?
3
Let h be (-2 + 5)/(1/13). Suppose -4*j - h = -103. What is the greatest common factor of 4 and j?
4
Suppose -178 = -2*s + 50. What is the greatest common factor of 19 and s?
19
Let u be 3 - 2 - -2*1. Let s(z) = z**2 + 9*z - 2. Let k be s(-8). Let q be (6 + -1)*(-6)/k. What is the highest common factor of q and u?
3
Let n be 1/(5/10) - -5. What is the greatest common divisor of n and 56?
7
Suppose -13 = -4*g + 43. Let d(b) = 2*b**2 - 2*b + 4. Let f be d(-3). Calculate the greatest common divisor of f and g.
14
Suppose 2*p + 3*r + 37 = 10, -5*r = -4*p - 87. Let q = p - -29. What is the greatest common factor of q and 22?
11
Let t(q) = -q**2 - 25*q - 32. Let r be t(-21). Calculate the highest common factor of 78 and r.
26
Let i(b) = b**2 - 3*b - 2. Let g be i(4). Suppose 0 = g*a - v + 4*v - 42, 2*a - v = 26. Let d = 5 + 0. Wha